e greatest common divisor of 1538696 and 1910?
382
Calculate the highest common divisor of 111879 and 341.
31
What is the greatest common divisor of 108 and 88128?
108
What is the highest common factor of 47802 and 341?
31
Calculate the highest common divisor of 1701 and 8064.
63
What is the highest common factor of 514930 and 5525?
1105
What is the highest common divisor of 3484 and 64?
4
Calculate the greatest common factor of 2 and 5237.
1
Calculate the greatest common divisor of 20 and 87922.
2
Calculate the greatest common factor of 198273 and 43.
43
Calculate the greatest common factor of 576 and 93168.
144
Calculate the highest common divisor of 129 and 72.
3
What is the highest common factor of 438509 and 87?
29
Calculate the highest common factor of 375885 and 18.
9
What is the greatest common factor of 1479374 and 1547?
221
What is the highest common divisor of 432 and 100008?
216
What is the greatest common factor of 71125 and 569?
569
What is the highest common divisor of 494 and 16872?
38
Calculate the greatest common factor of 27 and 66609.
27
Calculate the greatest common divisor of 351 and 1431.
27
What is the highest common factor of 2866 and 12737937?
1433
Calculate the greatest common divisor of 2945 and 434.
31
What is the highest common divisor of 41112 and 486?
18
What is the highest common divisor of 117863 and 688?
43
What is the greatest common factor of 2890242 and 1710?
342
Calculate the highest common factor of 1677 and 741.
39
Calculate the greatest common factor of 84491 and 1199.
11
Calculate the highest common factor of 3111 and 891820.
1037
Calculate the greatest common factor of 19446 and 2758.
14
What is the highest common divisor of 135 and 729?
27
What is the greatest common divisor of 21052 and 1368?
76
What is the greatest common divisor of 130949 and 91?
91
Calculate the highest common factor of 4861827 and 9.
9
Calculate the greatest common factor of 28841 and 2483.
191
Calculate the greatest common factor of 314505 and 11745.
1305
Calculate the highest common factor of 67384 and 24.
8
Calculate the highest common divisor of 106 and 42983.
53
Calculate the greatest common divisor of 1224 and 2499.
51
What is the greatest common factor of 5475 and 510?
15
What is the greatest common factor of 412 and 934004?
412
What is the greatest common factor of 183064 and 1715?
49
Calculate the highest common factor of 17576 and 16.
8
What is the highest common factor of 165 and 389631?
33
What is the greatest common factor of 513 and 59400?
27
Calculate the highest common divisor of 324 and 403932.
12
What is the highest common factor of 7585 and 25?
5
What is the highest common divisor of 802033 and 46?
23
Calculate the highest common factor of 153 and 4869.
9
What is the greatest common divisor of 46259 and 71643?
167
What is the highest common factor of 48320 and 110?
10
What is the greatest common divisor of 860 and 8540?
20
What is the greatest common factor of 19208 and 42875?
343
What is the highest common factor of 51 and 46971?
51
Calculate the greatest common divisor of 17229 and 27.
3
What is the greatest common divisor of 89784 and 464?
232
What is the highest common factor of 6680 and 11120?
40
What is the greatest common factor of 595 and 516120?
85
What is the highest common divisor of 113 and 368041?
113
What is the greatest common divisor of 4504 and 29839?
563
Calculate the highest common divisor of 8048 and 128.
16
Calculate the highest common factor of 775747 and 56.
7
What is the greatest common divisor of 210374 and 1436?
718
Calculate the greatest common divisor of 145357 and 137.
137
Calculate the highest common divisor of 217659 and 351.
39
What is the greatest common factor of 10767 and 37?
37
What is the highest common factor of 5004571 and 158?
79
Calculate the highest common factor of 121524 and 836.
76
What is the greatest common factor of 28 and 1713418?
14
Calculate the highest common divisor of 24960 and 34840.
520
What is the greatest common divisor of 37965 and 120?
15
Calculate the highest common divisor of 46814 and 178.
178
What is the greatest common divisor of 131517 and 81?
27
Calculate the greatest common divisor of 1771 and 22737.
11
Calculate the greatest common factor of 665599 and 11.
11
Calculate the highest common factor of 24178 and 2.
2
What is the highest common factor of 214455 and 765?
255
What is the greatest common divisor of 791095 and 2091?
697
What is the greatest common divisor of 6200232 and 76?
76
Calculate the highest common divisor of 804 and 86564.
268
What is the greatest common factor of 2289280 and 20?
20
Calculate the highest common divisor of 799894 and 138.
46
Calculate the highest common factor of 76 and 11818.
38
Calculate the greatest common factor of 1209 and 513019.
403
What is the highest common divisor of 4138571 and 389?
389
Calculate the highest common factor of 18865 and 220.
55
Calculate the highest common factor of 106688 and 576.
64
What is the greatest common divisor of 101993 and 87?
29
What is the highest common divisor of 13760 and 1180?
20
Calculate the highest common divisor of 381696 and 17664.
768
What is the greatest common factor of 348 and 870?
174
Calculate the highest common divisor of 1 and 87991.
1
What is the greatest common divisor of 2246380 and 2040?
340
What is the highest common factor of 5176 and 744050?
1294
What is the highest common divisor of 379 and 806891?
379
Calculate the greatest common divisor of 7888 and 200912.
464
Calculate the highest common factor of 9728 and 266.
38
What is the greatest common factor of 101616 and 1653?
87
What is the greatest common divisor of 204230 and 410?
10
What is the greatest common divisor of 216 and 4927176?
216
Calculate the highest common divisor of 202310 and 30.
10
What is the highest common divisor of 2849 and 19547?
11
Calculate the greatest common factor of 11 and 24299.
11
Calculate the greatest common divisor of 49 and 35623.
49
Calculate the highest common divisor of 11727705 and 37.
37
What is the highest common divisor of 11781 and 442?
17
What is the greatest common factor of 10409 and 1497409?
1487
Calculate the highest common factor of 4343 and 22927.
101
Calculate the highest common divisor of 2912 and 3016.
104
Calculate the greatest common divisor of 75782 and 1232.
14
What is the greatest common factor of 40 and 106090?
10
Calculate the highest common factor of 20 and 45445.
5
What is the greatest common factor of 502 and 4769?
251
Calculate the greatest common factor of 12 and 323376.
12
Calculate the greatest common factor of 340 and 15810.
170
Calculate the highest common divisor of 756 and 18606.
42
What is the greatest common divisor of 2093 and 4030?
13
Calculate the highest common divisor of 3199 and 24221.
457
Calculate the greatest common factor of 1386824 and 32.
8
Calculate the greatest common divisor of 1394364 and 524.
524
What is the greatest common divisor of 187 and 3132811?
187
What is the greatest common divisor of 302 and 1360963?
151
What is the greatest common factor of 250344 and 366?
366
Calculate the highest common divisor of 31700 and 1600.
100
What is the greatest common factor of 63 and 38043?
9
What is the greatest common divisor of 177064 and 136?
8
What is the highest common factor of 575 and 23825?
25
Calculate the greatest common factor of 27575 and 240.
5
What is the highest common divisor of 6893 and 183?
61
Calculate the highest common factor of 1882 and 1240238.
1882
Calculate the highest common divisor of 60860 and 1445.
85
Calculate the greatest common factor of 952 and 1108604.
476
What is the highest common divisor of 264 and 8580?
132
What is the highest common divisor of 342909 and 252?
63
Calculate the greatest common factor of 786 and 5906.
2
Calculate the greatest common divisor of 438 and 882.
6
Calculate the greatest common divisor of 2990 and 44390.
230
Calculate the greatest common factor of 77300 and 260501.
773
What is the highest common factor of 292 and 176441?
73
What is the greatest common divisor of 1406 and 54682?
38
What is the highest common factor of 10942 and 208?
2
What is the highest common factor of 10592 and 576?
32
Calculate the highest common factor of 583 and 18232.
53
What is th